Suppose 2*g - 36 = 4*w + 16, l*g - 5*w - 115 = 0. What is the remainder when 6*(-14)/(-30)*g is divided by 19?
18
Let f(m) = -38*m + 282. What is the remainder when f(-15) is divided by 40?
12
Suppose -8*h - 867 + 1035 = 0. Calculate the remainder when 2/(5/(390/4)) is divided by h.
18
Let o = -5 - -32. Suppose -y - o = -24, l - 29 = -3*y. What is the remainder when l is divided by 21?
17
Let f = -66 - -66. Suppose f = -7*y + y - 114. Let p = 32 + y. What is the remainder when 87 is divided by p?
9
Let m be 14/6*(-480)/(-112). What is the remainder when (20/m)/((-2)/(-19)) is divided by 13?
6
What is the remainder when 835 is divided by (115/(-15))/((-124)/12 - -10)?
7
Let i = 392 + 104. Let u = i - 336. What is the remainder when u is divided by 81?
79
Let k = 7013 + -6920. Calculate the remainder when k is divided by 39.
15
Suppose 3*n - 1309 = -4*u, 2*n - 3*u = -8*u + 861. Let d = n - 250. Calculate the remainder when d is divided by 101.
92
Let p(c) = 3*c**2 - 98*c + 89. Suppose -3*l + l + s = -71, 4*l - 3*s = 141. What is the remainder when p(l) is divided by 9?
8
Suppose 127*w = -445*w + 24024. Let c(a) = 6*a + 3. Calculate the remainder when w is divided by c(4).
15
Suppose -5*b + 5*v + 7062 = -7298, 0 = -3*v. Calculate the remainder when b is divided by 115.
112
Let g(q) = -q**3 + 4*q**2 - q + 3. Let h be g(5). Let m = 42 + h. Calculate the remainder when 20 is divided by (-6)/(-15) - (-99)/m.
6
Let g(w) = -34*w + 1. Let d be g(1). Let y = -15 - -130. Let x = d + y. What is the remainder when x is divided by 14?
12
Suppose 2*u - 4*l - 29 = -u, 4*u - 18 = -5*l. Suppose 0 = u*c + 9*c - 8784. What is the remainder when c is divided by 19?
17
Let f(t) = -4*t**3 + 17*t**2 + 2*t - 8. Let z(o) = -5*o**3 + 19*o**2 + 2*o - 8. Let r(h) = 6*f(h) - 5*z(h). What is the remainder when 65 is divided by r(-4)?
1
Let z(o) = 81*o - 31. Let n be (3 - 3) + (2 + -1)*1. Calculate the remainder when 198 is divided by z(n).
48
Let f = 9 - 1. Suppose -f = -3*a + 109. Suppose 3*r = 18 + a. What is the remainder when r is divided by 5?
4
Suppose -3*h + 2*w + 647 = 0, -5*h = -6*w + 10*w - 1093. Let b = 103 + -92. Calculate the remainder when h is divided by b.
8
Let v = -13 - -90. Calculate the remainder when v is divided by 25*(1 + 0) - (-750)/(-150).
17
Suppose 2*c = -8, 3*b + 4*c - 53 - 2115 = 0. What is the remainder when b is divided by 153?
116
Let k(t) = 12*t**2 + 3*t - 2*t - 4 - 2*t**2. Let m(z) = 11*z - 16. What is the remainder when k(-3) is divided by m(3)?
15
Let b = -2425 - -2457. What is the remainder when 77 is divided by b?
13
Suppose 16 = -10*a + 46. Suppose -18 = a*m - 45. What is the remainder when m is divided by 4?
1
Suppose -15*i + 2765 - 530 = 0. Let h = i + -131. Let v(u) = 7*u**2 + 5*u + 4. What is the remainder when v(-3) is divided by h?
16
Suppose 576 = 4*t + 4*u, -4*t + 678 = -3*u + 88. Calculate the remainder when t is divided by 117.
29
Suppose 5*j - 4 = 5*d - d, 3*j - 3*d = 0. Calculate the remainder when 534/12 + j/(-8) is divided by 27.
17
Suppose 121 + 63 = -4*j. Let b be (-4)/(-16) - j/8. Suppose b*z = 80 + 40. What is the remainder when z is divided by 4?
0
Let i(g) = g**3 - 11*g**2 - 17*g + 19. Let h be i(12). Let x = h + 153. Let n = 206 - x. What is the remainder when n is divided by 32?
30
Let k(h) = h**3 + 20*h**2 + 7*h + 261. Calculate the remainder when 505 is divided by k(-20).
21
Suppose -4*d = 4*l - 144, 3*l = 1798*d - 1799*d + 110. Calculate the remainder when 269 is divided by l.
10
Let o(y) = 30*y + 1245. What is the remainder when 282 is divided by o(-41)?
12
Suppose 2*t = 8*t. Let c = -6 - t. What is the remainder when 4/6 + (-512)/c is divided by 18?
14
Let i(c) = -17*c**2 - 458*c + 145. What is the remainder when 1408 is divided by i(-27)?
110
Let b(q) = -q**2 - 6*q - 7. Let v be b(-4). Calculate the remainder when 262 is divided by 51 + -44 - (v*-1 - 3).
9
Let q(l) = 1459*l + 6618. Calculate the remainder when q(0) is divided by 86.
82
What is the remainder when 173*4/3*(-17)/(612/(-27)) is divided by (2/(-4))/((-1)/44)?
19
Suppose 311*t + 7500 = 331*t. What is the remainder when t is divided by 36?
15
Let n = 423 + -416. Calculate the remainder when 140 is divided by n.
0
Suppose -75 + 95 = -5*q. Calculate the remainder when (-5 + 7 - 300)*q/8 is divided by 25.
24
Let q(x) = 100*x + 4. Let i be q(8). Suppose -8*y + i = 12. Let o = -46 + y. Calculate the remainder when o is divided by 19.
15
Let m = 1431 - 915. Suppose -4*s = -10*s + m. Suppose 0 = 3*f + 4*v + s - 254, 112 = 2*f - 3*v. What is the remainder when f is divided by 29?
27
Let n(g) = g**3 + 7*g**2 - 35*g + 37. What is the remainder when 325 is divided by n(-10)?
64
Let i be 18/6 + (-8)/(-3 + -1). Suppose -5*b - 4*o + 402 = 0, -5*b = i*o - 130 - 275. Calculate the remainder when b is divided by 28.
22
Let c(f) = 13*f**3 - f**2 + 1. Suppose h + 4*l - 7 = 0, 4*h - 29 = 2*l - 73. Calculate the remainder when h/6*2*-17 is divided by c(1).
12
Suppose -3*z = 2*v + 3, 7 = -4*v - z - 4. Let b = v + -14. Let c = b - -39. What is the remainder when 42 is divided by c?
20
Let l = 13 - 8. Let j = -6 - -11. Suppose j*v + 2*f - f - 83 = 0, -3*v = -5*f - 33. Calculate the remainder when v is divided by l.
1
Let j = 471 - 471. Let b(k) = -24*k + 165. Calculate the remainder when b(j) is divided by 43.
36
Let p be (54/45)/(4/10). Suppose -17 = -p*d + 7. Suppose 280 = d*l - l. Calculate the remainder when l is divided by 7.
5
Suppose -9702 = -480*y - 59*y. Suppose -n - n = -136. Calculate the remainder when n is divided by y.
14
What is the remainder when 14 + -9 - ((-2)/4 - 3955/14) is divided by 276?
12
Let p be (-8 + 22 - 7)/(1/(-2)). What is the remainder when 67 is divided by -54*((-4)/p)/(3/(-7))?
31
Suppose -3*z = 4*s - 24 - 9, -4*z - 13 = -s. Suppose 0 = 3*u + 26 + 16. Calculate the remainder when s is divided by 8/u + 318/42.
2
Calculate the remainder when 513 is divided by 15/(30/(-32))*(-104)/16.
97
Suppose -3*s = -s - 76. Let l = 23 - s. Calculate the remainder when 6*((-310)/l - -2) is divided by 23.
21
Let l(f) = -f**3 - 32*f**2 - 222*f - 38. What is the remainder when l(-23) is divided by 11?
10
Suppose 4*j - j - 19 = -2*l, 2*l = j + 31. Let a = 36 - 35. Calculate the remainder when l is divided by a*(13 + 15/(-3)).
6
Let v = -34 - -55. Let n = -46 - -50. Suppose -5*r - n*r + 504 = 0. Calculate the remainder when r is divided by v.
14
Let a = -51 + 5. Let s = a - -63. Let q(u) = -u**3 + 16*u**2 + 19*u - 21. Calculate the remainder when 48 is divided by q(s).
9
Let l be -2 + 25 + -5 + (0 - 0). Suppose 0 = l*n - 20*n + 10. Suppose n*a - 913 = -6*a. What is the remainder when a is divided by 42?
41
Let r = -527 - -181. Let w = 397 + r. What is the remainder when w is divided by 35?
16
Let j = 42 - 18. What is the remainder when j is divided by (4 + 9/(-2))*-14?
3
Suppose -104*o - 16 = -108*o. Suppose -o*x + 46 = -42. Let h = -15 - -21. Calculate the remainder when x is divided by h.
4
Let f(b) = 5*b**3 + 3*b**2 - 5*b + 34. Let a(g) = 4*g**3 + 4*g**2 - 6*g + 33. Let i(h) = 6*a(h) - 5*f(h). Calculate the remainder when 29 is divided by i(8).
1
Suppose 460 = 3*d - 2*v - 3745, 5*d = -5*v + 7025. What is the remainder when d is divided by 74?
71
Let c(r) = r**3 - 43*r**2 - 2*r + 111. Let n = 0 - -2. Calculate the remainder when -246*(3 + (-7)/n) is divided by c(43).
23
Suppose 13 = g + 3*f, 4*f + 8 = 2*g + 3*g. Suppose 3*x = -g*x + 7. What is the remainder when (-4)/((-16)/260)*x is divided by 34?
31
Let s = -2631 - -3030. What is the remainder when s is divided by 15?
9
Suppose 3*x = -3*y + 843, 0 = 5*y - 123*x + 122*x - 1387. What is the remainder when y is divided by 15?
8
Suppose 955 = 2*c + 3*c. Let a(t) = 3*t - 3. Let b be a(2). Suppose 40 + 297 = 5*w + 3*i, -c = -b*w + i. Calculate the remainder when w is divided by 34.
31
Let x(p) = -p**3 + 10*p**2 - 15*p + 13. Suppose -73 = -4*z + 11. What is the remainder when x(7) is divided by z?
13
Suppose -q = -y - 1597 - 641, 3*q - 4*y - 6720 = 0. What is the remainder when q is divided by 224?
216
Let m = 1593 + -1099. Let l = 509 - m. Calculate the remainder when 50 is divided by l.
5
Let s = 65 + -61. Suppose -v = g - 9 - 79, -5*g + s*v = -485. What is the remainder when g is divided by 33?
27
Let s be 